{"id":946,"date":"2015-02-01T18:21:50","date_gmt":"2015-02-01T18:21:50","guid":{"rendered":"http:\/\/www.vnsg.ch\/site_wp\/?page_id=946"},"modified":"2015-02-09T21:55:23","modified_gmt":"2015-02-09T21:55:23","slug":"oeqv","status":"publish","type":"page","link":"https:\/\/www.vnsg.ch\/site_wp\/projekte\/oeqv\/","title":{"rendered":"\u00d6QV-Vernetzung"},"content":{"rendered":"<p>Seit 2006 ist der VNSG an der Ausarbeitung des \u00d6QV-Vernetzungsprojektes Oberer Leberberg beteiligt. Seit 2012 machen wir Erfolgskontrollen in vier Schwerpunktgebieten in Grenchen und Bettlach. <!--more-->Ziel des Projektes ist die Aufwertung der landwirtschaftlichen Nutzfl\u00e4che im Berggebiet, am Juras\u00fcdfuss und in der Witi, als Lebensraum f\u00fcr Tiere und Pflanzen und zwar durch eine verbesserte Vernetzung \u00f6kologisch wertvoller Fl\u00e4chen.<\/p>\n<p><strong>Grenchen:<\/strong> <a href=\"http:\/\/www.vnsg.ch\/public\/projekte\/oeqv\/vp_grenchen_bericht_rev2.pdf\" target=\"_blank\"><img loading=\"lazy\" decoding=\"async\" class=\" size-full wp-image-1\" src=\"https:\/\/www.vnsg.ch\/site_wp\/wp-content\/uploads\/2009\/02\/icon-pdf.jpg\" alt=\"\" width=\"12\" height=\"12\" border=\"0\" \/> Bericht<\/a>, <a href=\"http:\/\/www.vnsg.ch\/public\/projekte\/oeqv\/vp_grenchen_IST.pdf\" target=\"_blank\"><img loading=\"lazy\" decoding=\"async\" class=\" size-full wp-image-1\" src=\"https:\/\/www.vnsg.ch\/site_wp\/wp-content\/uploads\/2009\/02\/icon-pdf.jpg\" alt=\"\" width=\"12\" height=\"12\" border=\"0\" \/> IST-Plan<\/a>, <a href=\"http:\/\/www.vnsg.ch\/public\/projekte\/oeqv\/vp_grenchen_SOLL.pdf\" target=\"_blank\"><img loading=\"lazy\" decoding=\"async\" class=\" size-full wp-image-1\" src=\"https:\/\/www.vnsg.ch\/site_wp\/wp-content\/uploads\/2009\/02\/icon-pdf.jpg\" alt=\"\" width=\"12\" height=\"12\" border=\"0\" \/> SOLL-Plan<\/a>, <a href=\"http:\/\/www.vnsg.ch\/public\/projekte\/oeqv\/vp_grenchen_vereinbarungen_130116_mit_oeAF.pdf\" target=\"_blank\"><img loading=\"lazy\" decoding=\"async\" class=\" size-full wp-image-1\" src=\"https:\/\/www.vnsg.ch\/site_wp\/wp-content\/uploads\/2009\/02\/icon-pdf.jpg\" alt=\"\" width=\"12\" height=\"12\" border=\"0\" \/> Stand 2013<\/a><\/p>\n<p><strong>Bettlach\/Altreu:<\/strong> <a href=\"vp_bettlach_altreu_bericht_rev8.pdf\" target=\"_blank\"><img loading=\"lazy\" decoding=\"async\" class=\" size-full wp-image-1\" src=\"https:\/\/www.vnsg.ch\/site_wp\/wp-content\/uploads\/2009\/02\/icon-pdf.jpg\" alt=\"\" width=\"12\" height=\"12\" border=\"0\" \/> Bericht<\/a>, <a href=\"http:\/\/www.vnsg.ch\/public\/projekte\/oeqv\/vp_bettlach_altreu_IST.pdf\" target=\"_blank\"><img loading=\"lazy\" decoding=\"async\" class=\" size-full wp-image-1\" src=\"https:\/\/www.vnsg.ch\/site_wp\/wp-content\/uploads\/2009\/02\/icon-pdf.jpg\" alt=\"\" width=\"12\" height=\"12\" border=\"0\" \/> IST-Plan<\/a>, <a href=\"http:\/\/www.vnsg.ch\/public\/projekte\/oeqv\/vp_bettlach_altreu_SOLL.pdf\" target=\"_blank\"><img loading=\"lazy\" decoding=\"async\" class=\" size-full wp-image-1\" src=\"https:\/\/www.vnsg.ch\/site_wp\/wp-content\/uploads\/2009\/02\/icon-pdf.jpg\" alt=\"\" width=\"12\" height=\"12\" border=\"0\" \/> SOLL-Plan<\/a>, <a href=\"http:\/\/www.vnsg.ch\/public\/projekte\/oeqv\/vp_bettlach_altreu_vereinbarungen_130116_mit_oeAF.pdf\" target=\"_blank\"><img loading=\"lazy\" decoding=\"async\" class=\" size-full wp-image-1\" src=\"https:\/\/www.vnsg.ch\/site_wp\/wp-content\/uploads\/2009\/02\/icon-pdf.jpg\" alt=\"\" width=\"12\" height=\"12\" border=\"0\" \/> Stand 2013<\/a><\/p>\n<p><strong>Berggebiet:<\/strong> <a href=\"http:\/\/www.vnsg.ch\/public\/projekte\/oeqv\/vp_berggebiet_bericht_rev0.pdf\" target=\"_blank\"><img loading=\"lazy\" decoding=\"async\" class=\" size-full wp-image-1\" src=\"https:\/\/www.vnsg.ch\/site_wp\/wp-content\/uploads\/2009\/02\/icon-pdf.jpg\" alt=\"\" width=\"12\" height=\"12\" border=\"0\" \/> Bericht<\/a>, <a href=\"http:\/\/www.vnsg.ch\/public\/projekte\/oeqv\/vp_berggebiet_IST.pdf\" target=\"_blank\"><img loading=\"lazy\" decoding=\"async\" class=\" size-full wp-image-1\" src=\"https:\/\/www.vnsg.ch\/site_wp\/wp-content\/uploads\/2009\/02\/icon-pdf.jpg\" alt=\"\" width=\"12\" height=\"12\" border=\"0\" \/> IST-Plan<\/a>, <a href=\"http:\/\/www.vnsg.ch\/public\/projekte\/oeqv\/vp_berggebiet_SOLL.pdf\" target=\"_blank\"><img loading=\"lazy\" decoding=\"async\" class=\" size-full wp-image-1\" src=\"https:\/\/www.vnsg.ch\/site_wp\/wp-content\/uploads\/2009\/02\/icon-pdf.jpg\" alt=\"\" width=\"12\" height=\"12\" border=\"0\" \/> SOLL-Plan<\/a><\/p>\n<p>&nbsp;<\/p>\n","protected":false},"excerpt":{"rendered":"<p>Seit 2006 ist der VNSG an der Ausarbeitung des \u00d6QV-Vernetzungsprojektes Oberer Leberberg beteiligt. Seit 2012 machen wir Erfolgskontrollen in vier Schwerpunktgebieten in Grenchen und Bettlach.<\/p>\n","protected":false},"author":1,"featured_media":1017,"parent":544,"menu_order":0,"comment_status":"closed","ping_status":"closed","template":"page-templates\/vnsg-projekt-page.php","meta":{"footnotes":""},"class_list":["post-946","page","type-page","status-publish","has-post-thumbnail","hentry"],"_links":{"self":[{"href":"https:\/\/www.vnsg.ch\/site_wp\/wp-json\/wp\/v2\/pages\/946","targetHints":{"allow":["GET"]}}],"collection":[{"href":"https:\/\/www.vnsg.ch\/site_wp\/wp-json\/wp\/v2\/pages"}],"about":[{"href":"https:\/\/www.vnsg.ch\/site_wp\/wp-json\/wp\/v2\/types\/page"}],"author":[{"embeddable":true,"href":"https:\/\/www.vnsg.ch\/site_wp\/wp-json\/wp\/v2\/users\/1"}],"replies":[{"embeddable":true,"href":"https:\/\/www.vnsg.ch\/site_wp\/wp-json\/wp\/v2\/comments?post=946"}],"version-history":[{"count":10,"href":"https:\/\/www.vnsg.ch\/site_wp\/wp-json\/wp\/v2\/pages\/946\/revisions"}],"predecessor-version":[{"id":1018,"href":"https:\/\/www.vnsg.ch\/site_wp\/wp-json\/wp\/v2\/pages\/946\/revisions\/1018"}],"up":[{"embeddable":true,"href":"https:\/\/www.vnsg.ch\/site_wp\/wp-json\/wp\/v2\/pages\/544"}],"wp:featuredmedia":[{"embeddable":true,"href":"https:\/\/www.vnsg.ch\/site_wp\/wp-json\/wp\/v2\/media\/1017"}],"wp:attachment":[{"href":"https:\/\/www.vnsg.ch\/site_wp\/wp-json\/wp\/v2\/media?parent=946"}],"curies":[{"name":"wp","href":"https:\/\/api.w.org\/{rel}","templated":true}]}}

ÖQV-Vernetzung

<p>Seit 2006 ist der VNSG an der Ausarbeitung des ÖQV-Vernetzungsprojektes Oberer Leberberg beteiligt. Seit 2012 machen wir Erfolgskontrollen in vier Schwerpunktgebieten in Grenchen und Bettlach. <!--more-->Ziel des Projektes ist die Aufwertung der landwirtschaftlichen Nutzfläche im Berggebiet, am Jurasüdfuss und in der Witi, als Lebensraum für Tiere und Pflanzen und zwar durch eine verbesserte Vernetzung ökologisch wertvoller Flächen.</p>
<p><strong>Grenchen:</strong> <a href="http://www.vnsg.ch/public/projekte/oeqv/vp_grenchen_bericht_rev2.pdf" target="_blank"><img loading="lazy" decoding="async" class=" size-full wp-image-1" src="https://www.vnsg.ch/site_wp/wp-content/uploads/2009/02/icon-pdf.jpg" alt="" width="12" height="12" border="0" /> Bericht</a>, <a href="http://www.vnsg.ch/public/projekte/oeqv/vp_grenchen_IST.pdf" target="_blank"><img loading="lazy" decoding="async" class=" size-full wp-image-1" src="https://www.vnsg.ch/site_wp/wp-content/uploads/2009/02/icon-pdf.jpg" alt="" width="12" height="12" border="0" /> IST-Plan</a>, <a href="http://www.vnsg.ch/public/projekte/oeqv/vp_grenchen_SOLL.pdf" target="_blank"><img loading="lazy" decoding="async" class=" size-full wp-image-1" src="https://www.vnsg.ch/site_wp/wp-content/uploads/2009/02/icon-pdf.jpg" alt="" width="12" height="12" border="0" /> SOLL-Plan</a>, <a href="http://www.vnsg.ch/public/projekte/oeqv/vp_grenchen_vereinbarungen_130116_mit_oeAF.pdf" target="_blank"><img loading="lazy" decoding="async" class=" size-full wp-image-1" src="https://www.vnsg.ch/site_wp/wp-content/uploads/2009/02/icon-pdf.jpg" alt="" width="12" height="12" border="0" /> Stand 2013</a></p>
<p><strong>Bettlach/Altreu:</strong> <a href="vp_bettlach_altreu_bericht_rev8.pdf" target="_blank"><img loading="lazy" decoding="async" class=" size-full wp-image-1" src="https://www.vnsg.ch/site_wp/wp-content/uploads/2009/02/icon-pdf.jpg" alt="" width="12" height="12" border="0" /> Bericht</a>, <a href="http://www.vnsg.ch/public/projekte/oeqv/vp_bettlach_altreu_IST.pdf" target="_blank"><img loading="lazy" decoding="async" class=" size-full wp-image-1" src="https://www.vnsg.ch/site_wp/wp-content/uploads/2009/02/icon-pdf.jpg" alt="" width="12" height="12" border="0" /> IST-Plan</a>, <a href="http://www.vnsg.ch/public/projekte/oeqv/vp_bettlach_altreu_SOLL.pdf" target="_blank"><img loading="lazy" decoding="async" class=" size-full wp-image-1" src="https://www.vnsg.ch/site_wp/wp-content/uploads/2009/02/icon-pdf.jpg" alt="" width="12" height="12" border="0" /> SOLL-Plan</a>, <a href="http://www.vnsg.ch/public/projekte/oeqv/vp_bettlach_altreu_vereinbarungen_130116_mit_oeAF.pdf" target="_blank"><img loading="lazy" decoding="async" class=" size-full wp-image-1" src="https://www.vnsg.ch/site_wp/wp-content/uploads/2009/02/icon-pdf.jpg" alt="" width="12" height="12" border="0" /> Stand 2013</a></p>
<p><strong>Berggebiet:</strong> <a href="http://www.vnsg.ch/public/projekte/oeqv/vp_berggebiet_bericht_rev0.pdf" target="_blank"><img loading="lazy" decoding="async" class=" size-full wp-image-1" src="https://www.vnsg.ch/site_wp/wp-content/uploads/2009/02/icon-pdf.jpg" alt="" width="12" height="12" border="0" /> Bericht</a>, <a href="http://www.vnsg.ch/public/projekte/oeqv/vp_berggebiet_IST.pdf" target="_blank"><img loading="lazy" decoding="async" class=" size-full wp-image-1" src="https://www.vnsg.ch/site_wp/wp-content/uploads/2009/02/icon-pdf.jpg" alt="" width="12" height="12" border="0" /> IST-Plan</a>, <a href="http://www.vnsg.ch/public/projekte/oeqv/vp_berggebiet_SOLL.pdf" target="_blank"><img loading="lazy" decoding="async" class=" size-full wp-image-1" src="https://www.vnsg.ch/site_wp/wp-content/uploads/2009/02/icon-pdf.jpg" alt="" width="12" height="12" border="0" /> SOLL-Plan</a></p>
<p>&nbsp;</p>

<p>Seit 2006 ist der VNSG an der Ausarbeitung des ÖQV-Vernetzungsprojektes Oberer Leberberg beteiligt. Seit 2012 machen wir Erfolgskontrollen in vier Schwerpunktgebieten in Grenchen und Bettlach.</p>
