{"id":911,"date":"2015-02-01T12:44:06","date_gmt":"2015-02-01T12:44:06","guid":{"rendered":"http:\/\/www.vnsg.ch\/site_wp\/?page_id=911"},"modified":"2015-02-11T21:44:31","modified_gmt":"2015-02-11T21:44:31","slug":"riedfoerderung","status":"publish","type":"page","link":"https:\/\/www.vnsg.ch\/site_wp\/projekte\/riedfoerderung\/","title":{"rendered":"Riedf\u00f6rderung Witi"},"content":{"rendered":"<p>Der VNSG unterst\u00fctzt das Kantonale Amt f\u00fcr Raumplanung, Abteilung Natur und Landschaft, bei der Umsetzung des Aktionsprograms &#8222;Riedf\u00f6rderung Grenchner Witi 2011 &#8211; 2015&#8220;. <!--more--> <em>Damit sollen elf Feuchtbiotope instandgestellt bzw. neu geschaffen werden. Mit freiwilligen Vereinbarungen des kantonalen Mehrjahresprogramms Natur und Landschaft und des Vernetzungsprojekts Grenchen sollen sie erg\u00e4nzt und miteinander verbunden werden. Die besonderen Tier und Pflanzenarten der Witi, wie z. B. der Weissstorch, die Kreuzkr\u00f6te, das Hohe Veilchen, die Sumpf-Wolfsmilch und die Gelbe Wiesenraute sollen gef\u00f6rdert, gewisse verschwundene Arten (z.B. das Braunkehlchen, der Laubfrosch, der Lungen-Enzian und der Kantige Lauch) sollen wieder heimisch werden. <\/em>(Quelle: <a href=\"https:\/\/www.so.ch\/verwaltung\/bau-und-justizdepartement\/amt-fuer-raumplanung\/natur-und-landschaft\/naturschutzobjekte\/schutzzone-witi\/\">ARP, Abteilung N+L<\/a>)<\/p>\n<p><a href=\"http:\/\/www.vnsg.ch\/public\/projekte\/riedfoerderung\/Riedfoerderung_Aktionsprogramm_2011.pdf\" target=\"_blank\"><img loading=\"lazy\" decoding=\"async\" class=\" size-full wp-image-1\" src=\"https:\/\/www.vnsg.ch\/site_wp\/wp-content\/uploads\/2009\/02\/icon-pdf.jpg\" alt=\"\" width=\"12\" height=\"12\" border=\"0\" \/> Aktionsprogramm<\/a>, <a href=\"http:\/\/www.vnsg.ch\/public\/projekte\/riedfoerderung\/Regierungsratsbeschluss_Riedfoerderung_2012.pdf\" target=\"_blank\"><img loading=\"lazy\" decoding=\"async\" class=\" size-full wp-image-1\" src=\"https:\/\/www.vnsg.ch\/site_wp\/wp-content\/uploads\/2009\/02\/icon-pdf.jpg\" alt=\"\" width=\"12\" height=\"12\" border=\"0\" \/> Regierungsratsbeschluss<\/a>,<br \/>\n<a href=\"http:\/\/www.vnsg.ch\/public\/projekte\/riedfoerderung\/Witi_Zonenvorschriften.pdf\" target=\"_blank\"><img loading=\"lazy\" decoding=\"async\" class=\" size-full wp-image-1\" src=\"https:\/\/www.vnsg.ch\/site_wp\/wp-content\/uploads\/2009\/02\/icon-pdf.jpg\" alt=\"\" width=\"12\" height=\"12\" border=\"0\" \/> Zonenvorschriften<\/a>, <a href=\"http:\/\/www.vnsg.ch\/public\/projekte\/riedfoerderung\/Witi_Grenchen-Solothurn_Nutzungsplan-A_2015.pdf\" target=\"_blank\"><img loading=\"lazy\" decoding=\"async\" class=\" size-full wp-image-1\" src=\"https:\/\/www.vnsg.ch\/site_wp\/wp-content\/uploads\/2009\/02\/icon-pdf.jpg\" alt=\"\" width=\"12\" height=\"12\" border=\"0\" \/> Nutzungsplan<\/a><\/p>\n","protected":false},"excerpt":{"rendered":"<p>Der VNSG unterst\u00fctzt das Kantonale Amt f\u00fcr Raumplanung, Abteilung Natur und Landschaft, bei der Umsetzung des Aktionsprograms &#8222;Riedf\u00f6rderung Grenchner Witi 2011 &#8211; 2015&#8220;.<\/p>\n","protected":false},"author":1,"featured_media":1031,"parent":544,"menu_order":0,"comment_status":"closed","ping_status":"closed","template":"page-templates\/vnsg-projekt-page.php","meta":{"footnotes":""},"class_list":["post-911","page","type-page","status-publish","has-post-thumbnail","hentry"],"_links":{"self":[{"href":"https:\/\/www.vnsg.ch\/site_wp\/wp-json\/wp\/v2\/pages\/911","targetHints":{"allow":["GET"]}}],"collection":[{"href":"https:\/\/www.vnsg.ch\/site_wp\/wp-json\/wp\/v2\/pages"}],"about":[{"href":"https:\/\/www.vnsg.ch\/site_wp\/wp-json\/wp\/v2\/types\/page"}],"author":[{"embeddable":true,"href":"https:\/\/www.vnsg.ch\/site_wp\/wp-json\/wp\/v2\/users\/1"}],"replies":[{"embeddable":true,"href":"https:\/\/www.vnsg.ch\/site_wp\/wp-json\/wp\/v2\/comments?post=911"}],"version-history":[{"count":20,"href":"https:\/\/www.vnsg.ch\/site_wp\/wp-json\/wp\/v2\/pages\/911\/revisions"}],"predecessor-version":[{"id":970,"href":"https:\/\/www.vnsg.ch\/site_wp\/wp-json\/wp\/v2\/pages\/911\/revisions\/970"}],"up":[{"embeddable":true,"href":"https:\/\/www.vnsg.ch\/site_wp\/wp-json\/wp\/v2\/pages\/544"}],"wp:featuredmedia":[{"embeddable":true,"href":"https:\/\/www.vnsg.ch\/site_wp\/wp-json\/wp\/v2\/media\/1031"}],"wp:attachment":[{"href":"https:\/\/www.vnsg.ch\/site_wp\/wp-json\/wp\/v2\/media?parent=911"}],"curies":[{"name":"wp","href":"https:\/\/api.w.org\/{rel}","templated":true}]}}

Riedförderung Witi

<p>Der VNSG unterstützt das Kantonale Amt für Raumplanung, Abteilung Natur und Landschaft, bei der Umsetzung des Aktionsprograms &#8222;Riedförderung Grenchner Witi 2011 &#8211; 2015&#8220;. <!--more--> <em>Damit sollen elf Feuchtbiotope instandgestellt bzw. neu geschaffen werden. Mit freiwilligen Vereinbarungen des kantonalen Mehrjahresprogramms Natur und Landschaft und des Vernetzungsprojekts Grenchen sollen sie ergänzt und miteinander verbunden werden. Die besonderen Tier und Pflanzenarten der Witi, wie z. B. der Weissstorch, die Kreuzkröte, das Hohe Veilchen, die Sumpf-Wolfsmilch und die Gelbe Wiesenraute sollen gefördert, gewisse verschwundene Arten (z.B. das Braunkehlchen, der Laubfrosch, der Lungen-Enzian und der Kantige Lauch) sollen wieder heimisch werden. </em>(Quelle: <a href="https://www.so.ch/verwaltung/bau-und-justizdepartement/amt-fuer-raumplanung/natur-und-landschaft/naturschutzobjekte/schutzzone-witi/">ARP, Abteilung N+L</a>)</p>
<p><a href="http://www.vnsg.ch/public/projekte/riedfoerderung/Riedfoerderung_Aktionsprogramm_2011.pdf" target="_blank"><img loading="lazy" decoding="async" class=" size-full wp-image-1" src="https://www.vnsg.ch/site_wp/wp-content/uploads/2009/02/icon-pdf.jpg" alt="" width="12" height="12" border="0" /> Aktionsprogramm</a>, <a href="http://www.vnsg.ch/public/projekte/riedfoerderung/Regierungsratsbeschluss_Riedfoerderung_2012.pdf" target="_blank"><img loading="lazy" decoding="async" class=" size-full wp-image-1" src="https://www.vnsg.ch/site_wp/wp-content/uploads/2009/02/icon-pdf.jpg" alt="" width="12" height="12" border="0" /> Regierungsratsbeschluss</a>,<br />
<a href="http://www.vnsg.ch/public/projekte/riedfoerderung/Witi_Zonenvorschriften.pdf" target="_blank"><img loading="lazy" decoding="async" class=" size-full wp-image-1" src="https://www.vnsg.ch/site_wp/wp-content/uploads/2009/02/icon-pdf.jpg" alt="" width="12" height="12" border="0" /> Zonenvorschriften</a>, <a href="http://www.vnsg.ch/public/projekte/riedfoerderung/Witi_Grenchen-Solothurn_Nutzungsplan-A_2015.pdf" target="_blank"><img loading="lazy" decoding="async" class=" size-full wp-image-1" src="https://www.vnsg.ch/site_wp/wp-content/uploads/2009/02/icon-pdf.jpg" alt="" width="12" height="12" border="0" /> Nutzungsplan</a></p>

<p>Der VNSG unterstützt das Kantonale Amt für Raumplanung, Abteilung Natur und Landschaft, bei der Umsetzung des Aktionsprograms &#8222;Riedförderung Grenchner Witi 2011 &#8211; 2015&#8220;.</p>
